{"id":30,"date":"2020-01-21T06:49:23","date_gmt":"2020-01-21T06:49:23","guid":{"rendered":"http:\/\/www.gastrobig.com\/?page_id=30"},"modified":"2026-03-31T05:51:48","modified_gmt":"2026-03-31T05:51:48","slug":"baslangic","status":"publish","type":"page","link":"http:\/\/gastrobig.com\/","title":{"rendered":"GASTROB\u0130G"},"content":{"rendered":"\n<h1 class=\"has-text-align-center has-white-color has-vivid-red-background-color has-text-color has-background\" style=\"font-size:30px\">END\u00dcSTR\u0130YEL MUTFAKTA \u00c7\u00d6Z\u00dcMLER\u0130M\u0130Z&#8230;<\/h1>\n\n\n\n<p><\/p>\n\n\n<div class=\"wp-block-image\">\n<figure class=\"aligncenter size-full is-resized\"><img loading=\"lazy\" src=\"http:\/\/www.gastrobig.com\/wp-content\/uploads\/2023\/01\/1-3.jpg\" alt=\"\" class=\"wp-image-534\" width=\"666\" height=\"259\"\/><\/figure><\/div>\n\n\n<p><\/p>\n\n\n\n<p class=\"has-text-align-center has-black-color has-vivid-red-background-color has-text-color has-background\" style=\"font-size:25px\"><strong> <a href=\"tel:0 532 415 6015\">B\u0130LG\u0130 \u0130\u00c7\u0130N ARA TIKLA&#8230; <\/a> <\/strong><\/p>\n\n\n\n<p><\/p>\n\n\n\n<p><\/p>\n\n\n\n<figure class=\"wp-block-image size-large\"><img loading=\"lazy\" width=\"780\" height=\"400\" src=\"http:\/\/www.gastrobig.com\/wp-content\/uploads\/2020\/01\/blog-kitchen-products-4-1.jpg\" alt=\"\" class=\"wp-image-65\" srcset=\"http:\/\/gastrobig.com\/wp-content\/uploads\/2020\/01\/blog-kitchen-products-4-1.jpg 780w, http:\/\/gastrobig.com\/wp-content\/uploads\/2020\/01\/blog-kitchen-products-4-1-300x154.jpg 300w, http:\/\/gastrobig.com\/wp-content\/uploads\/2020\/01\/blog-kitchen-products-4-1-768x394.jpg 768w\" sizes=\"(max-width: 780px) 100vw, 780px\" \/><\/figure>\n\n\n\n<figure class=\"wp-container-2 wp-block-gallery-1 wp-block-gallery has-nested-images columns-2 is-cropped\">\n<figure class=\"wp-block-image size-large\"><img loading=\"lazy\" width=\"1024\" height=\"486\" data-id=\"48\"  src=\"http:\/\/www.gastrobig.com\/wp-content\/uploads\/2020\/01\/1-1-1-1024x486.jpg\" alt=\"\" class=\"wp-image-48\" srcset=\"http:\/\/gastrobig.com\/wp-content\/uploads\/2020\/01\/1-1-1-1024x486.jpg 1024w, http:\/\/gastrobig.com\/wp-content\/uploads\/2020\/01\/1-1-1-300x143.jpg 300w, http:\/\/gastrobig.com\/wp-content\/uploads\/2020\/01\/1-1-1-768x365.jpg 768w, http:\/\/gastrobig.com\/wp-content\/uploads\/2020\/01\/1-1-1-1536x730.jpg 1536w, http:\/\/gastrobig.com\/wp-content\/uploads\/2020\/01\/1-1-1-1200x570.jpg 1200w, http:\/\/gastrobig.com\/wp-content\/uploads\/2020\/01\/1-1-1-1980x941.jpg 1980w, http:\/\/gastrobig.com\/wp-content\/uploads\/2020\/01\/1-1-1.jpg 2000w\" sizes=\"(max-width: 1024px) 100vw, 1024px\" \/><\/figure>\n\n\n\n<figure class=\"wp-block-image size-large\"><img loading=\"lazy\" width=\"1024\" height=\"453\" data-id=\"49\"  src=\"http:\/\/www.gastrobig.com\/wp-content\/uploads\/2020\/01\/50698a07fa9430585b1ad276b4c263cf-1024x453.jpg\" alt=\"\" class=\"wp-image-49\" srcset=\"http:\/\/gastrobig.com\/wp-content\/uploads\/2020\/01\/50698a07fa9430585b1ad276b4c263cf-1024x453.jpg 1024w, http:\/\/gastrobig.com\/wp-content\/uploads\/2020\/01\/50698a07fa9430585b1ad276b4c263cf-300x133.jpg 300w, http:\/\/gastrobig.com\/wp-content\/uploads\/2020\/01\/50698a07fa9430585b1ad276b4c263cf-768x340.jpg 768w, http:\/\/gastrobig.com\/wp-content\/uploads\/2020\/01\/50698a07fa9430585b1ad276b4c263cf-1536x680.jpg 1536w, http:\/\/gastrobig.com\/wp-content\/uploads\/2020\/01\/50698a07fa9430585b1ad276b4c263cf-1200x531.jpg 1200w, http:\/\/gastrobig.com\/wp-content\/uploads\/2020\/01\/50698a07fa9430585b1ad276b4c263cf.jpg 1651w\" sizes=\"(max-width: 1024px) 100vw, 1024px\" \/><\/figure>\n\n\n\n<figure class=\"wp-block-image size-large\"><img loading=\"lazy\" width=\"1024\" height=\"323\" data-id=\"50\"  src=\"http:\/\/www.gastrobig.com\/wp-content\/uploads\/2020\/01\/slide-1-1024x323.jpg\" alt=\"\" class=\"wp-image-50\" srcset=\"http:\/\/gastrobig.com\/wp-content\/uploads\/2020\/01\/slide-1-1024x323.jpg 1024w, http:\/\/gastrobig.com\/wp-content\/uploads\/2020\/01\/slide-1-300x95.jpg 300w, http:\/\/gastrobig.com\/wp-content\/uploads\/2020\/01\/slide-1-768x243.jpg 768w, http:\/\/gastrobig.com\/wp-content\/uploads\/2020\/01\/slide-1-1536x485.jpg 1536w, http:\/\/gastrobig.com\/wp-content\/uploads\/2020\/01\/slide-1-1200x379.jpg 1200w, http:\/\/gastrobig.com\/wp-content\/uploads\/2020\/01\/slide-1.jpg 1900w\" sizes=\"(max-width: 1024px) 100vw, 1024px\" \/><\/figure>\n\n\n\n<figure class=\"wp-block-image size-large\"><img loading=\"lazy\" width=\"800\" height=\"600\" data-id=\"51\"  src=\"http:\/\/www.gastrobig.com\/wp-content\/uploads\/2020\/01\/endustiyel-mutfak.jpg\" alt=\"\" class=\"wp-image-51\" srcset=\"http:\/\/gastrobig.com\/wp-content\/uploads\/2020\/01\/endustiyel-mutfak.jpg 800w, http:\/\/gastrobig.com\/wp-content\/uploads\/2020\/01\/endustiyel-mutfak-300x225.jpg 300w, http:\/\/gastrobig.com\/wp-content\/uploads\/2020\/01\/endustiyel-mutfak-768x576.jpg 768w\" sizes=\"(max-width: 800px) 100vw, 800px\" \/><\/figure>\n\n\n\n<figure class=\"wp-block-image size-large\"><img loading=\"lazy\" width=\"1024\" height=\"614\" data-id=\"52\"  src=\"http:\/\/www.gastrobig.com\/wp-content\/uploads\/2020\/01\/endustriyel-mutfak-1024x614.jpg\" alt=\"\" class=\"wp-image-52\" srcset=\"http:\/\/gastrobig.com\/wp-content\/uploads\/2020\/01\/endustriyel-mutfak-1024x614.jpg 1024w, http:\/\/gastrobig.com\/wp-content\/uploads\/2020\/01\/endustriyel-mutfak-300x180.jpg 300w, http:\/\/gastrobig.com\/wp-content\/uploads\/2020\/01\/endustriyel-mutfak-768x461.jpg 768w, http:\/\/gastrobig.com\/wp-content\/uploads\/2020\/01\/endustriyel-mutfak-1536x922.jpg 1536w, http:\/\/gastrobig.com\/wp-content\/uploads\/2020\/01\/endustriyel-mutfak-1200x720.jpg 1200w, http:\/\/gastrobig.com\/wp-content\/uploads\/2020\/01\/endustriyel-mutfak-1980x1188.jpg 1980w, http:\/\/gastrobig.com\/wp-content\/uploads\/2020\/01\/endustriyel-mutfak.jpg 2000w\" sizes=\"(max-width: 1024px) 100vw, 1024px\" \/><\/figure>\n\n\n\n<figure class=\"wp-block-image size-large\"><img loading=\"lazy\" width=\"656\" height=\"400\" data-id=\"53\"  src=\"http:\/\/www.gastrobig.com\/wp-content\/uploads\/2020\/01\/platform-endustriyel-mutfak-ekipmanlari-0212-238-87-71-1.jpg\" alt=\"\" class=\"wp-image-53\" srcset=\"http:\/\/gastrobig.com\/wp-content\/uploads\/2020\/01\/platform-endustriyel-mutfak-ekipmanlari-0212-238-87-71-1.jpg 656w, http:\/\/gastrobig.com\/wp-content\/uploads\/2020\/01\/platform-endustriyel-mutfak-ekipmanlari-0212-238-87-71-1-300x183.jpg 300w\" sizes=\"(max-width: 656px) 100vw, 656px\" \/><\/figure>\n<\/figure>\n\n\n\n<p><\/p>\n\n\n\n<p><\/p>\n\n\n\n<h2 class=\"has-text-align-center has-white-color has-vivid-red-background-color has-text-color has-background\">HAKKIMIZDA&#8230;<\/h2>\n\n\n\n<p><strong>Gastrobig<\/strong>,&nbsp;yurt i\u00e7i ve yurt d\u0131\u015f\u0131 proje ortaklar\u0131m\u0131zla yapt\u0131\u011f\u0131 uyumlu \u00e7al\u0131\u015fmalarla gerek sekt\u00f6r\u00fcn tan\u0131t\u0131m\u0131 gerekse yeni \u00fcr\u00fcnlerin t\u00fcketicilerin hizmetine sunulmas\u0131 ile \u00fcstlenmi\u015f oldu\u011fu misyonu yerine getirmektedir.<\/p>\n\n\n\n<p>T\u00fcrkiye genelinde hizmet vermekteyiz. Yeni kat\u0131l\u0131mlar ve yat\u0131r\u0131mlarla bu hizmet a\u011f\u0131m\u0131z\u0131 daha da geni\u015fletmeye devam etmekteyiz.<\/p>\n\n\n\n<p>Kalite anlay\u0131\u015f\u0131n\u0131 sat\u0131\u015f \u00f6ncesi ve sat\u0131\u015f sonras\u0131 faaliyetlerimizde de yapt\u0131\u011f\u0131m\u0131z \u00e7al\u0131\u015fmalarla m\u00fc\u015fteri memnuniyetini esas alan ilkelerimiz do\u011frultusunda \u00e7al\u0131\u015fmaktay\u0131z.<\/p>\n\n\n\n<p>Bu g\u00fcn profesyonel ve ev mutfa\u011f\u0131na y\u00f6nelik t\u00fcm \u00fcr\u00fcnlerimiz ile uzun y\u0131llar standart \u00fcr\u00fcn \u00fcretici ve ithalat\u00e7\u0131 firmalar\u0131n bayili\u011fini yaparak t\u00fcm gerekli malzeme \u00e7e\u015fitleri ile proje uygulamalar\u0131nda hizmet vermektedir.<\/p>\n\n\n\n<p><strong>Gastrobig,<\/strong>&nbsp;End\u00fcstriyel Mutfak proje tasar\u0131m\u0131 ve uygulamas\u0131 ile makine grubu, haz\u0131rl\u0131k, pi\u015firme, ta\u015f\u0131ma, servis ve y\u0131kama ekipmanlar\u0131 konusunda deneyimli ve uzman kadrosu ile ihtiya\u00e7lar\u0131n\u0131z do\u011frultusunda sizlere en uygun \u00e7\u00f6z\u00fcmleri sunmaya haz\u0131rd\u0131r.<\/p>\n\n\n\n<p>Yeni teknolojilere uyumlu olarak yap\u0131lan \u00fcr\u00fcnleri t\u00fcketicilere fayda sa\u011flayacak ergonomik tasar\u0131mlar\u0131, uluslar aras\u0131 standartlara uygun olarak ger\u00e7ekle\u015ftirmek, kaliteli \u00e7ok \u00e7e\u015fit uygun fiyatlar ve insan kaynaklar\u0131m\u0131za verdi\u011fimiz \u00f6nemle m\u00fc\u015fterilerimize verdi\u011fimiz iyi hizmetlerimize devam etmi\u015f ve \u00e7a\u011f\u0131m\u0131z\u0131n ko\u015fullar\u0131 gere\u011fi misyonumuzu en iyi \u015fekilde devam ettirmeye kararl\u0131y\u0131z.<\/p>\n\n\n\n<p>Sayg\u0131lar\u0131m\u0131zla&#8230;<\/p>\n\n\n\n<figure class=\"wp-container-4 wp-block-gallery-3 wp-block-gallery has-nested-images columns-1 is-cropped\">\n<figure class=\"wp-block-image size-large\"><img loading=\"lazy\" width=\"940\" height=\"440\" data-id=\"60\"  src=\"http:\/\/www.gastrobig.com\/wp-content\/uploads\/2020\/01\/rk02.jpg\" alt=\"\" class=\"wp-image-60\" srcset=\"http:\/\/gastrobig.com\/wp-content\/uploads\/2020\/01\/rk02.jpg 940w, http:\/\/gastrobig.com\/wp-content\/uploads\/2020\/01\/rk02-300x140.jpg 300w, http:\/\/gastrobig.com\/wp-content\/uploads\/2020\/01\/rk02-768x359.jpg 768w\" sizes=\"(max-width: 940px) 100vw, 940px\" \/><\/figure>\n\n\n\n<figure class=\"wp-block-image size-large\"><img loading=\"lazy\" width=\"556\" height=\"440\" data-id=\"61\"  src=\"http:\/\/www.gastrobig.com\/wp-content\/uploads\/2020\/01\/endustriyel-mutfak-ekipmanlari.jpg\" alt=\"\" class=\"wp-image-61\" srcset=\"http:\/\/gastrobig.com\/wp-content\/uploads\/2020\/01\/endustriyel-mutfak-ekipmanlari.jpg 556w, http:\/\/gastrobig.com\/wp-content\/uploads\/2020\/01\/endustriyel-mutfak-ekipmanlari-300x237.jpg 300w\" sizes=\"(max-width: 556px) 100vw, 556px\" \/><\/figure>\n\n\n\n<figure class=\"wp-block-image size-large\"><img loading=\"lazy\" width=\"747\" height=\"405\" data-id=\"62\"  src=\"http:\/\/www.gastrobig.com\/wp-content\/uploads\/2020\/01\/endustriyel-mutfak-teknik-servisi.jpg\" alt=\"\" class=\"wp-image-62\" srcset=\"http:\/\/gastrobig.com\/wp-content\/uploads\/2020\/01\/endustriyel-mutfak-teknik-servisi.jpg 747w, http:\/\/gastrobig.com\/wp-content\/uploads\/2020\/01\/endustriyel-mutfak-teknik-servisi-300x163.jpg 300w\" sizes=\"(max-width: 747px) 100vw, 747px\" \/><\/figure>\n\n\n\n<figure class=\"wp-block-image size-large\"><img loading=\"lazy\" width=\"656\" height=\"280\" data-id=\"63\"  src=\"http:\/\/www.gastrobig.com\/wp-content\/uploads\/2020\/01\/6f4a48062a.jpg\" alt=\"\" class=\"wp-image-63\" srcset=\"http:\/\/gastrobig.com\/wp-content\/uploads\/2020\/01\/6f4a48062a.jpg 656w, http:\/\/gastrobig.com\/wp-content\/uploads\/2020\/01\/6f4a48062a-300x128.jpg 300w\" sizes=\"(max-width: 656px) 100vw, 656px\" \/><\/figure>\n\n\n\n<figure class=\"wp-block-image size-large\"><img loading=\"lazy\" width=\"650\" height=\"391\" data-id=\"64\"  src=\"http:\/\/www.gastrobig.com\/wp-content\/uploads\/2020\/01\/993801a58447198aa04721940a33ef27.png\" alt=\"\" class=\"wp-image-64\" srcset=\"http:\/\/gastrobig.com\/wp-content\/uploads\/2020\/01\/993801a58447198aa04721940a33ef27.png 650w, http:\/\/gastrobig.com\/wp-content\/uploads\/2020\/01\/993801a58447198aa04721940a33ef27-300x180.png 300w\" sizes=\"(max-width: 650px) 100vw, 650px\" \/><\/figure>\n<\/figure>\n\n\n\n<p><\/p>\n\n\n\n<div class=\"wp-container-5 wp-block-group has-primary-background-color has-background\"><div class=\"wp-block-group__inner-container\">\n<p class=\"has-text-align-center has-white-color has-vivid-red-background-color has-text-color has-background has-medium-font-size\"><strong>TEKL\u0130F VE S\u0130PAR\u0130\u015eLER\u0130N\u0130Z \u0130\u00c7\u0130N &#8220;B\u0130LG\u0130 \u0130\u00c7\u0130N ARA&#8221; BA\u015eLI\u011eI TIKLAYINIZ&#8230;<\/strong><\/p>\n<\/div><\/div>\n\n\n\n<p><\/p>\n\n\n\n<p class=\"has-text-align-center has-black-color has-vivid-red-background-color has-text-color has-background\" style=\"font-size:30px\"><strong> <a href=\"tel:0 532 415 6015\">B\u0130LG\u0130 \u0130\u00c7\u0130N ARA<\/a><\/strong><\/p>\n","protected":false},"excerpt":{"rendered":"<p>END\u00dcSTR\u0130YEL MUTFAKTA \u00c7\u00d6Z\u00dcMLER\u0130M\u0130Z&#8230; B\u0130LG\u0130 \u0130\u00c7\u0130N ARA TIKLA&#8230; HAKKIMIZDA&#8230; Gastrobig,&nbsp;yurt i\u00e7i ve yurt d\u0131\u015f\u0131 proje ortaklar\u0131m\u0131zla yapt\u0131\u011f\u0131 uyumlu \u00e7al\u0131\u015fmalarla gerek sekt\u00f6r\u00fcn tan\u0131t\u0131m\u0131 gerekse yeni \u00fcr\u00fcnlerin t\u00fcketicilerin hizmetine sunulmas\u0131 ile \u00fcstlenmi\u015f oldu\u011fu misyonu yerine getirmektedir. T\u00fcrkiye genelinde hizmet vermekteyiz. Yeni kat\u0131l\u0131mlar ve yat\u0131r\u0131mlarla bu hizmet a\u011f\u0131m\u0131z\u0131 daha da geni\u015fletmeye devam etmekteyiz. Kalite anlay\u0131\u015f\u0131n\u0131 sat\u0131\u015f \u00f6ncesi ve sat\u0131\u015f sonras\u0131 faaliyetlerimizde de yapt\u0131\u011f\u0131m\u0131z \u00e7al\u0131\u015fmalarla m\u00fc\u015fteri memnuniyetini esas alan ilkelerimiz do\u011frultusunda \u00e7al\u0131\u015fmaktay\u0131z. Bu g\u00fcn profesyonel ve ev mutfa\u011f\u0131na y\u00f6nelik t\u00fcm \u00fcr\u00fcnlerimiz ile uzun y\u0131llar standart \u00fcr\u00fcn \u00fcretici ve ithalat\u00e7\u0131 firmalar\u0131n bayili\u011fini yaparak t\u00fcm gerekli malzeme \u00e7e\u015fitleri ile proje uygulamalar\u0131nda hizmet vermektedir. Gastrobig,&nbsp;End\u00fcstriyel Mutfak proje tasar\u0131m\u0131 ve uygulamas\u0131 ile makine grubu, haz\u0131rl\u0131k, pi\u015firme, ta\u015f\u0131ma, servis ve y\u0131kama ekipmanlar\u0131 konusunda deneyimli ve uzman kadrosu ile ihtiya\u00e7lar\u0131n\u0131z do\u011frultusunda sizlere en uygun \u00e7\u00f6z\u00fcmleri sunmaya haz\u0131rd\u0131r. Yeni teknolojilere uyumlu olarak yap\u0131lan \u00fcr\u00fcnleri t\u00fcketicilere fayda sa\u011flayacak ergonomik tasar\u0131mlar\u0131, uluslar aras\u0131 standartlara uygun olarak ger\u00e7ekle\u015ftirmek, kaliteli \u00e7ok \u00e7e\u015fit uygun fiyatlar ve insan kaynaklar\u0131m\u0131za verdi\u011fimiz \u00f6nemle m\u00fc\u015fterilerimize verdi\u011fimiz iyi hizmetlerimize devam etmi\u015f ve \u00e7a\u011f\u0131m\u0131z\u0131n ko\u015fullar\u0131 gere\u011fi misyonumuzu en iyi \u015fekilde devam ettirmeye kararl\u0131y\u0131z. Sayg\u0131lar\u0131m\u0131zla&#8230; TEKL\u0130F VE S\u0130PAR\u0130\u015eLER\u0130N\u0130Z \u0130\u00c7\u0130N &#8220;B\u0130LG\u0130 \u0130\u00c7\u0130N ARA&#8221; BA\u015eLI\u011eI TIKLAYINIZ&#8230; B\u0130LG\u0130 \u0130\u00c7\u0130N ARA<\/p>\n","protected":false},"author":1,"featured_media":0,"parent":0,"menu_order":0,"comment_status":"closed","ping_status":"closed","template":"","meta":[],"_links":{"self":[{"href":"http:\/\/gastrobig.com\/index.php\/wp-json\/wp\/v2\/pages\/30"}],"collection":[{"href":"http:\/\/gastrobig.com\/index.php\/wp-json\/wp\/v2\/pages"}],"about":[{"href":"http:\/\/gastrobig.com\/index.php\/wp-json\/wp\/v2\/types\/page"}],"author":[{"embeddable":true,"href":"http:\/\/gastrobig.com\/index.php\/wp-json\/wp\/v2\/users\/1"}],"replies":[{"embeddable":true,"href":"http:\/\/gastrobig.com\/index.php\/wp-json\/wp\/v2\/comments?post=30"}],"version-history":[{"count":41,"href":"http:\/\/gastrobig.com\/index.php\/wp-json\/wp\/v2\/pages\/30\/revisions"}],"predecessor-version":[{"id":560,"href":"http:\/\/gastrobig.com\/index.php\/wp-json\/wp\/v2\/pages\/30\/revisions\/560"}],"wp:attachment":[{"href":"http:\/\/gastrobig.com\/index.php\/wp-json\/wp\/v2\/media?parent=30"}],"curies":[{"name":"wp","href":"https:\/\/api.w.org\/{rel}","templated":true}]}}